
1
Let u(c) = 4*c + 5. Suppose -y + 11 = -0*h - 4*h, -y = -2*h - 3. Let b be u(y). What is the units digit of (-10)/b + 97/3?
3
Suppose -23*v = -22*v - 1788. What is the thousands digit of v?
1
Let z = -4 + -15. Let k = 9 - z. What is the units digit of k?
8
Let z = -24 - -30. What is the units digit of (-2)/z - 28/(-12)?
2
Let j(c) = -3*c + 3. Let y(n) = -n + 1. Let s(l) = -j(l) + 4*y(l). Let o be s(1). What is the units digit of (-15)/5 - (o + -22)?
9
Suppose 9*r - 4*r = -2*a + 106, a = r + 67. Let t = 159 + a. What is the tens digit of t?
2
Let x = 646 + -291. What is the hundreds digit of x?
3
Let o = 1 + 38. Let b = -37 + o. What is the units digit of b?
2
Suppose q - 12 = -q. Suppose -q*f + 2*f = 72. Let o = 32 + f. What is the units digit of o?
4
Suppose 2*i + 809 = 5*j - 1422, 2*i = -5*j + 2219. What is the units digit of j?
5
Let l(r) = -129*r + 37. What is the units digit of l(-10)?
7
Let s(b) = -30*b + 1. Let i(w) = -2*w - 4. Let a be i(-7). Suppose 0 = 5*p + 4*v - 15, -2*p + 7*p + 3*v - a = 0. What is the tens digit of s(p)?
3
Suppose -427 = -t + 5*b, 52*t = 47*t - 2*b + 2081. What is the tens digit of t?
1
Suppose 4*q = 8, -3*l = -7*l - q + 14. Suppose -1 + l = c. Suppose -c*x - 9 = 5*j, 0 = 5*x + j - 8 - 4. What is the units digit of x?
3
Let n(j) = j**3 - 6*j**2 + 6*j + 1. Suppose 5*v - 13 = 27. Let m be n(v). Suppose -3*u + m = 4*b, 5*b - 2*u + 0*u = 227. What is the tens digit of b?
4
Suppose 0 = -4*v + 7*w - 2*w + 316, 5*w = -4*v + 316. Let f = v + -37. What is the units digit of f?
2
Let g = 62 + -59. Suppose -295 = -3*w - n, -g*n - 130 + 15 = -w. What is the hundreds digit of w?
1
Let i(h) be the third derivative of 13*h**4/24 + 7*h**3/6 - h**2. Suppose -431 + 445 = 7*o. What is the tens digit of i(o)?
3
Suppose -105 = -4*i + 55. Suppose 5*t - 6 = 4*t. Suppose -8*w = -t*w - i. What is the tens digit of w?
2
Let p be (-16)/((-3273)/1092 - -3). What is the tens digit of 4/(-22) - p/88?
6
Suppose -4*m = 42*m - 50094. What is the hundreds digit of m?
0
Let f be (-1)/3 + 280/36*21. Let w = f - 90. What is the units digit of w?
3
Let d = 18 + -15. Suppose -d*a - 18 = -a + 4*i, 0 = 5*i + 20. What is the tens digit of -18*(-4)/((-2)/a)?
3
Suppose -129900 = -74*z - z. What is the units digit of z?
2
Suppose 2*n + 16 = 3*r, 7*r + 5*n + 15 = 2*r. What is the units digit of (r - (8 - 5))/(1/(-175))?
5
Suppose 0 = -2*l + 6*l - 4. Let r be (-4 + 23)*l*-1. Let g = r - -33. What is the units digit of g?
4
Let k(y) = y**3 - 17*y**2 + 23*y - 9. Let v = 81 + -65. What is the hundreds digit of k(v)?
1
Suppose 2*w = -0*w - 2*n + 2, -3*n = 2*w - 2. Suppose -4*u + 17 = -71. Let h = u - w. What is the units digit of h?
1
Suppose -224*q + 11116 = -217*q. What is the units digit of q?
8
What is the tens digit of (-17415)/(-45) - (2 - (1 - -5))?
9
Suppose -j = 4*j. Suppose j = -2*c - 0*c + 12. Let f = c - 0. What is the units digit of f?
6
Let z = -11 + 12. Suppose -19 = -3*t - z. What is the tens digit of t*(3 + 2/(-6))?
1
Let i be 0 + (1 - 5) - -3. Let a be -2 - i*(-12)/3. Let r(c) = c**3 + 7*c**2 + c - 6. What is the tens digit of r(a)?
2
Let y = -44 + 22. Let j = y - -24. What is the units digit of j - 0 - (-18)/2?
1
Suppose -12*p = -10*p + 28. Suppose 17 - 1 = -m. Let b = p - m. What is the units digit of b?
2
Let j(p) = -p**3 - 2*p**2 + p + 1. Let t be j(-2). Let i be 70/t*(-6)/12. Suppose d - 16 = -3*l, 4*l + 2 - i = d. What is the units digit of l?
7
Suppose 2*b - 2*w - 3*w + 57 = 0, -2*b = 3*w + 97. Let y = b - -72. What is the units digit of y?
1
Let v(q) = 5*q**3 - 2*q**2 - 33*q + 14. What is the hundreds digit of v(9)?
2
Suppose 2*l - 86 = g - l, 3*g + 272 = 2*l. Let z = g + 133. What is the units digit of z?
1
Let s(f) = 122*f + 18*f - 25*f. Let p be s(1). What is the units digit of p/3 - 24/(-36)?
9
Suppose 2*s - 2*j - 210 = 0, -4*s + j = -j - 414. Suppose -13*a + 10*a + s = 0. What is the units digit of a?
4
Suppose -f - 2*f = -12. Suppose 18 = f*t + 2. Let j(b) = 2*b**2 + 9*b - 4. What is the units digit of j(t)?
4
Let w = 6 - 2. Let h = -191 - -209. Suppose -r - h = -w*r. What is the units digit of r?
6
Suppose 0 = 2*k + 5*y - 23, 2*k = -2*y + 1 + 7. What is the tens digit of 56 - (k + 4 + 0/(-4))?
5
Let u = 1650 + -1151. What is the hundreds digit of u?
4
Let c(k) be the second derivative of k**7/140 - k**6/360 + k**3/2 - 4*k. Let x(j) be the second derivative of c(j). What is the units digit of x(2)?
4
Let c(r) = 4*r + 131. What is the tens digit of c(6)?
5
Suppose -2430 = -8*z + 3410. What is the hundreds digit of z?
7
Let v = -13 - -12. Let l(z) = -38*z - 1. Let k be l(v). Suppose -2*s + k + 9 = 0. What is the tens digit of s?
2
Let f(n) = n**3 - 8*n**2 + 8*n + 3. Suppose 0*t = -t + 5. Let a be (-2)/(-5) + 33/t. What is the units digit of f(a)?
0
Suppose -q + 2*q = 4. Suppose -q*f = 5*f - 1683. What is the tens digit of f?
8
Let r(w) = -7*w + 1. Let o be r(1). Let j(d) = -d - d + 10 - 27 + 11. What is the units digit of j(o)?
6
Suppose -9*z + 40 = -7*z. Let i = 208 - z. What is the hundreds digit of i?
1
Suppose -18 = -3*j - 12, -4*j = h - 1958. What is the thousands digit of h?
1
Suppose -4*o - x = -2695, 27*o - 3*x + 2010 = 30*o. What is the units digit of o?
5
Suppose 0*y + 3*d = 2*y + 1, 4*y = 5*d - 3. Suppose -4 = 4*h - 8*h. What is the tens digit of y*h/4*-42?
2
Let u be 1*(-6)/(-15)*(8 + -3). Suppose u*z - 115 = 85. What is the units digit of z?
0
Let h be -75 + 1 + -1 - 2. Let f = h + 266. What is the hundreds digit of f?
1
Let d(t) = 52*t - 139. What is the hundreds digit of d(34)?
6
Let c be 1 + 2 + -15 + 18. Suppose -4*p = -4*t + 28, -p = -c*p - 25. Suppose -t*a + 4*r + 70 = 0, 2*a = 7*a + 3*r - 201. What is the units digit of a?
9
Suppose 4*s - n = 1441, -5*n = s - n - 373. What is the units digit of s?
1
Let p(s) = 6*s**2 - 3*s + 37. What is the tens digit of p(-17)?
2
Let m be 7/(84/16)*9/6. Suppose 4*a - 5*z = 421, 3*a + 6*z = m*z + 339. What is the hundreds digit of a?
1
Let q(d) = -d**2 + 25*d + 16. Suppose -6*t = 3*p - 2*t - 33, -3*p + 2*t = -33. What is the tens digit of q(p)?
7
Suppose 2*a = 0, -4*f - 11 = -3*a - 3. What is the units digit of ((-3345)/(-21) - f) + 6/(-21)?
1
Let q = -3592 + 5811. What is the hundreds digit of q?
2
Let t(c) = -c**3 - 16*c**2 - 24*c - 2. Let z be t(-16). Suppose -4*m + o + 104 = -275, 2*o - z = -4*m. What is the units digit of m?
5
Suppose 2*f + 8681 = 7*f + 4*g, -2*g = 5*f - 8673. What is the hundreds digit of f?
7
Suppose 5*g + 250 = 1445. Suppose g = 3*h - 61. Suppose -5*u - 336 + h = -4*y, -3*y + 174 = -3*u. What is the tens digit of y?
5
Let n = 5697 - 3566. What is the tens digit of n?
3
Let w = 10226 + -6981. What is the tens digit of w?
4
Let n(f) = 4*f**2 - f**2 - f - 2*f**3 - 2*f**2 - 6*f**3. Let c be n(1). Let i = 0 - c. What is the units digit of i?
8
What is the tens digit of (1 + (-308)/12)/((-6)/18)?
7
Suppose j - 4*a - 743 = 0, 10 = 5*a - 10*a. What is the hundreds digit of j?
7
Suppose -25*z + 29*z = 16. Suppose z*l - 294 = 694. What is the tens digit of l?
4
Let a(y) = 4*y - 3. Let i(v) be the first derivative of v**4/4 + 10*v**3/3 + 7*v**2/2 - 13*v - 6. Let j be i(-9). What is the units digit of a(j)?
7
Let n(j) = 306*j**2 + 15*j + 7. What is the units digit of n(-2)?
1
What is the tens digit of (3 - ((-4638)/18)/1)*3?
8
Let u = -31 - -39. Let h(w) = 16*w + 13. Let b be h(u). Suppose 0 = 7*c - 4*c - b. What is the tens digit of c?
4
Suppose -k = -3*r + 51 + 32, 4*k - 19 = -r. Let u = 27 - r. Suppose -2*f = x - 66, u = 2*f - 4*f - 6. What is the units digit of x?
2
Suppose -2*n + 6 + 10 = 0. Suppose 0 = n*f - 7*f. Suppose -2*b - 4*s + 46 = f, -4*b + 79 = -b + s. What is the tens digit of b?
2
Suppose -12*q + 10*q + 6 = 0. What is the tens digit of 297/q + (3 - 2)?
0
Suppose u - 84 + 1 = 0. What is the units digit of u?
3
Let d = 75 - 70. Suppose -1617 = -d*h - 562. What is the tens digit of h?
1
Suppose -21 = -5*j + j + 3*n, 5*n + 15 = 0. Suppose 4 + 0 = -5*c + 3*g, -j*g = c - 10. What is the tens digit of 2 + c + -6 + 28?
2
What is the tens digit of -1 + (-20)/(-24) - 204358/(-132)?
4
Let l = 59 + -56. Suppose -4*i = l*f - 196, f - i + 4*i = 72. What is the units digit of f?
0
What is the hundreds digit of (-30)/(-3 + (-123)/(-42))?
4
Let m = -32 + 52. Le